729 a composite number?
True
Is 23369441 a prime number?
False
Is 16903619 composite?
True
Is 498881 composite?
False
Is 109425182 a composite number?
True
Is 11149357 a prime number?
True
Is 12443771 a prime number?
True
Is 3518279 composite?
True
Is 1504021 composite?
True
Is 5277613 a composite number?
True
Is 40198231 prime?
True
Is 32498387 a prime number?
True
Is 94846679 a prime number?
True
Is 858899 prime?
True
Is 20256359 prime?
True
Is 46341773 composite?
False
Is 572495167 a prime number?
True
Is 34518281 a composite number?
True
Is 34937519 a composite number?
False
Is 171312259 prime?
False
Is 1299804095 a composite number?
True
Is 2352323 a prime number?
True
Is 8199445 prime?
False
Is 6878891 prime?
True
Is 906675707 a prime number?
False
Is 122007257 a composite number?
False
Is 680933081 prime?
False
Is 3021367 a composite number?
False
Is 103900571 a prime number?
True
Is 97820821 a prime number?
False
Is 4159253 a composite number?
True
Is 367351 a prime number?
False
Is 99838133 composite?
True
Is 74127539 a prime number?
False
Is 3759643 prime?
True
Is 646106 composite?
True
Is 659551 prime?
False
Is 90926699 prime?
True
Is 45946109 a prime number?
False
Is 27737287 a prime number?
False
Is 10449683 a prime number?
True
Is 109532818 a composite number?
True
Is 8276227 a prime number?
True
Is 14209153 prime?
False
Is 3253079 a prime number?
False
Is 752365373 prime?
False
Is 48728189 composite?
False
Is 1740637 a prime number?
False
Is 30693059 a composite number?
False
Is 1377107 prime?
True
Is 43102223 a prime number?
True
Is 108572129 a composite number?
False
Is 37553069 prime?
True
Is 16414037 a prime number?
True
Is 377869 composite?
True
Is 107033299 a composite number?
False
Is 16870141 composite?
True
Is 486608461 composite?
False
Is 410024039 a prime number?
True
Is 130140199 prime?
False
Is 28453549 composite?
True
Is 131433877 a composite number?
True
Is 73367123 composite?
False
Is 2493419 composite?
False
Is 1287259 composite?
True
Is 3566405 a prime number?
False
Is 304295207 a prime number?
False
Is 14071857 a composite number?
True
Is 14369653 prime?
False
Is 3751507 prime?
False
Is 561557261 a prime number?
False
Is 83171371 composite?
False
Is 5805662 composite?
True
Is 27028681 composite?
True
Is 14023621 a prime number?
False
Is 1903607 a prime number?
False
Is 62734369 prime?
False
Is 1271027 a composite number?
False
Is 17597003 prime?
True
Is 29239663 prime?
True
Is 39348817 a prime number?
True
Is 241693933 a composite number?
True
Is 7756759 a prime number?
False
Is 34286947 prime?
False
Is 11975231 a prime number?
False
Is 1207681 a composite number?
False
Is 11420567 composite?
False
Is 1775047 prime?
False
Is 5931491 prime?
True
Is 1084793 composite?
False
Is 57445273 composite?
False
Is 1152831 prime?
False
Is 156710185 composite?
True
Is 30570469 prime?
True
Is 8016077 prime?
False
Is 1165711 a composite number?
False
Is 7245671 composite?
False
Is 197501323 a composite number?
False
Is 24768749 a composite number?
True
Is 67269569 composite?
False
Is 6400057 a prime number?
False
Is 123535289 a prime number?
True
Is 25061443 prime?
False
Is 416232587 a prime number?
False
Is 42773287 composite?
True
Is 10252687 a composite number?
True
Is 3031853 composite?
True
Is 2355263 a composite number?
False
Is 1904507 prime?
False
Is 6592231 prime?
False
Is 3044219 prime?
False
Is 86501 prime?
True
Is 135393955 prime?
False
Is 265231 a prime number?
True
Is 382586587 composite?
False
Is 254651231 composite?
False
Is 784041 composite?
True
Is 1364591 composite?
True
Is 176639077 a composite number?
False
Is 152551409 composite?
True
Is 7404863 composite?
False
Is 183823 a prime number?
True
Is 11985761 a composite number?
False
Is 8475277 a composite number?
False
Is 294251261 a prime number?
False
Is 102758921 prime?
True
Is 81599 a prime number?
False
Is 52674617 a prime number?
True
Is 20308919 a prime number?
True
Is 53333867 prime?
True
Is 99852433 prime?
True
Is 33109123 prime?
True
Is 4585261 a composite number?
False
Is 528481 a prime number?
False
Is 1587049 composite?
True
Is 3967961 composite?
False
Is 119869747 a composite number?
False
Is 885455 prime?
False
Is 145529 a prime number?
False
Is 264599 prime?
True
Is 7010129 prime?
False
Is 175271 prime?
False
Is 441085199 prime?
False
Is 39020603 composite?
False
Is 423331 composite?
True
Is 61077482 a composite number?
True
Is 37999961 a prime number?
False
Is 208877 prime?
True
Is 20939509 a composite number?
True
Is 128215727 a prime number?
False
Is 3222677 composite?
False
Is 1003817 a composite number?
False
Is 573247 a prime number?
True
Is 110318753 composite?
True
Is 15572945 a composite number?
True
Is 4195847 a composite number?
False
Is 1254547631 prime?
True
Is 25847359 a prime number?
True
Is 55416199 composite?
True
Is 1478537 composite?
True
Is 116201 a composite number?
False
Is 1233461 a composite number?
True
Is 1758763 prime?
False
Is 208042111 prime?
True
Is 1689231 composite?
True
Is 3344791 a composite number?
False
Is 395465009 prime?
False
Is 265061461 composite?
True
Is 965749 a composite number?
False
Is 47012683 prime?
False
Is 758873333 prime?
True
Is 154808029 composite?
True
Is 39504251 prime?
True
Is 36229357 prime?
True
Is 77780861 composite?
True
Is 1302853 prime?
False
Is 20689583 composite?
False
Is 1464311 a prime number?
False
Is 1106471 a prime number?
True
Is 298523 prime?
False
Is 327331 prime?
True
Is 3407177 composite?
False
Is 379637 a prime number?
False
Is 289343 composite?
False
Is 16463591 composite?
True
Is 206586427 a prime number?
True
Is 23237491 a composite number?
False
Is 30418501 a composite number?
True
Is 17734579 a composite number?
False
Is 13179463 a composite number?
True
Is 745085699 prime?
True
Is 188705003 a composite number?
True
Is 937813 a prime number?
True
Is 343249 a prime number?
False
Is 55290199 composite?
True
Is 263141173 a prime number?
False
Is 4546361 composite?
True
Is 77462123 composite?
True
Is 499203019 a prime number?
False
Is 554267 composite?
True
Is 74250041 composite?
False
Is 17210987 a composite number?
True
Is 7525933 a prime number?
False
Is 20821741 prime?
True
Is 22607995 a prime number?
False
Is 7308643 a prime number?
True
Is 45006373 composite?
False
Is 1693929 a prime number?
False
Is 9467233 prime?
True
Is 16455261 a composite number?
True
Is 272099 a prime number?
False
Is 3165049 prime?
True
Is 4102979 composite?
False
Is 205675999 composite?
False
Is 37122209 composite?
True
Is 49621751 a composite number?
True
Is 51929 a prime number?
True
Is 7251449 prime?
False
Is 46859019 prime?
False
Is 11087558 a composite number?
True
Is 63161479 composite?
True
Is 4474493 a prime number?
True
Is 23775673 a composite number?
True
Is 88205549 a prime number?
True
Is 692633 composite?
True
Is 1856607997 a composite number?
False
Is 133078721 a composite number?
False
Is 2460923 composite?
True
Is 341864021 a composite number?
False
Is 1332587 a composite number?
False
Is 97077767 a prime number?
True
Is 119530561 a composite number?
False
Is 59909453 prime?
False
Is 78489193 a composite number?
True
Is 4015777 a composite number?
True
Is 427585 a prime number?
False
Is 64797071 composite?
False
Is 19911971 a composite number?
False
Is 30487907 composite?
False
Is 673858 a prime number?
False
Is 1097669 prime?
True
Is 121338347 a prime number?
False
Is 47664317 prime?
True
Is 326486777 prime?
True
Is 59435 composite?
True
Is 14980601 composite?
False
Is 329977 composite?
False
Is 1625357 a composite number?
True
Is 114680063 a composite number?
False
Is 493483 a composite number?
True
Is 1307003 composite?
True
Is 10410083 a composite number?
False
Is 6267643 composite?
False
Is 29474483 a prime number?
True
Is 5536523 a composite number?
False
Is 8260619 a composite number?
False
Is 31566377 a composite number?
False
Is 279668027 a prime number?
False
Is 12394121 a prime number?
True
Is 5636819 a prime number?
False
Is 1474841 composite?
True
Is 2813303 a prime number?
False
Is 7418309 prime?
True
Is 378924649 composite?
False
Is 12813217 prime?
True
Is 88927091 a composite number?
True
Is 23519987 a composite number?
False
Is 181475807 composite?